 and 108.
12
Calculate the greatest common divisor of 5 and 1310.
5
What is the greatest common factor of 22 and 1364?
22
What is the greatest common factor of 40 and 2000?
40
Calculate the highest common divisor of 407 and 37.
37
What is the highest common divisor of 200 and 64?
8
Calculate the greatest common factor of 2079 and 756.
189
Calculate the highest common divisor of 72 and 2178.
18
Calculate the greatest common factor of 494 and 76.
38
Calculate the highest common divisor of 20 and 260.
20
What is the highest common divisor of 87 and 29?
29
Calculate the greatest common factor of 23 and 4393.
23
What is the highest common divisor of 264 and 29634?
66
Calculate the highest common divisor of 1798 and 1178.
62
Calculate the highest common factor of 30873 and 246.
123
Calculate the greatest common divisor of 1 and 127.
1
What is the greatest common divisor of 56 and 104?
8
Calculate the greatest common divisor of 3008 and 256.
64
Calculate the greatest common divisor of 705 and 1880.
235
What is the highest common divisor of 104 and 1014?
26
What is the greatest common divisor of 38070 and 47?
47
What is the highest common factor of 378 and 78?
6
What is the highest common divisor of 32 and 56?
8
What is the greatest common divisor of 22 and 1298?
22
What is the greatest common factor of 432 and 54?
54
What is the greatest common divisor of 10 and 7090?
10
Calculate the highest common factor of 138 and 114.
6
What is the greatest common divisor of 150 and 18?
6
What is the highest common factor of 44 and 22?
22
Calculate the greatest common factor of 1040 and 65.
65
Calculate the highest common divisor of 7228 and 139.
139
Calculate the greatest common factor of 332 and 4399.
83
Calculate the highest common divisor of 16094 and 26.
26
What is the greatest common divisor of 182 and 1222?
26
Calculate the highest common divisor of 2798 and 2.
2
Calculate the greatest common factor of 127 and 381.
127
Calculate the greatest common divisor of 1520 and 1040.
80
Calculate the greatest common divisor of 1482 and 234.
78
What is the highest common factor of 201 and 134?
67
What is the greatest common divisor of 228 and 1444?
76
What is the highest common factor of 4 and 10952?
4
What is the highest common divisor of 10 and 37550?
10
What is the greatest common divisor of 835 and 50?
5
Calculate the greatest common divisor of 1275 and 75.
75
Calculate the greatest common factor of 177 and 9617.
59
Calculate the greatest common divisor of 25 and 229.
1
What is the highest common divisor of 659 and 4?
1
Calculate the greatest common divisor of 2294 and 496.
62
Calculate the highest common divisor of 126 and 266.
14
Calculate the highest common divisor of 6 and 42.
6
What is the greatest common factor of 138 and 368?
46
What is the highest common divisor of 100 and 32?
4
Calculate the greatest common divisor of 143 and 11.
11
Calculate the greatest common factor of 21740 and 40.
20
What is the highest common factor of 8 and 74928?
8
Calculate the highest common divisor of 575 and 207.
23
What is the highest common divisor of 172 and 1118?
86
What is the highest common divisor of 42 and 234?
6
Calculate the highest common divisor of 110 and 2365.
55
Calculate the highest common divisor of 40 and 150.
10
Calculate the greatest common factor of 666 and 18.
18
Calculate the highest common divisor of 790 and 1027.
79
What is the highest common divisor of 424 and 1128?
8
Calculate the highest common divisor of 82 and 5535.
41
Calculate the greatest common factor of 4886 and 56.
14
What is the highest common factor of 91 and 77?
7
What is the greatest common factor of 78 and 5538?
78
What is the greatest common divisor of 1702 and 184?
46
What is the highest common divisor of 10434 and 846?
282
What is the highest common factor of 21 and 4?
1
Calculate the greatest common divisor of 1240 and 160.
40
Calculate the highest common divisor of 4088 and 219.
73
What is the highest common factor of 86 and 2193?
43
Calculate the highest common divisor of 28 and 12.
4
What is the highest common divisor of 21 and 672?
21
What is the greatest common divisor of 604 and 8758?
302
Calculate the greatest common divisor of 15 and 609.
3
Calculate the highest common factor of 80 and 2820.
20
Calculate the highest common factor of 3996 and 592.
148
What is the highest common factor of 64840 and 8?
8
Calculate the greatest common factor of 46 and 782.
46
What is the highest common factor of 182 and 21476?
182
What is the highest common factor of 13 and 8?
1
Calculate the greatest common divisor of 132 and 5676.
132
What is the highest common divisor of 125 and 5?
5
Calculate the highest common factor of 18 and 10044.
18
Calculate the greatest common factor of 576 and 10656.
288
What is the highest common divisor of 47 and 611?
47
What is the highest common divisor of 723 and 3?
3
What is the greatest common divisor of 594 and 486?
54
What is the greatest common divisor of 10 and 74?
2
What is the highest common divisor of 4516 and 8?
4
Calculate the highest common divisor of 90 and 3015.
45
What is the highest common divisor of 154 and 378?
14
Calculate the highest common factor of 6246 and 18.
18
What is the greatest common divisor of 44 and 5?
1
Calculate the greatest common divisor of 176 and 13112.
88
Calculate the highest common divisor of 63 and 17703.
63
Calculate the greatest common factor of 5191 and 29.
29
What is the highest common divisor of 301 and 215?
43
What is the highest common divisor of 1820 and 7?
7
What is the highest common factor of 280 and 90?
10
What is the greatest common factor of 36 and 360?
36
Calculate the highest common divisor of 29 and 3509.
29
Calculate the greatest common divisor of 2977 and 26.
13
Calculate the greatest common divisor of 3586 and 22.
22
Calculate the greatest common factor of 87 and 3219.
87
What is the highest common divisor of 5 and 305?
5
What is the greatest common divisor of 20 and 1690?
10
Calculate the greatest common divisor of 22875 and 30.
15
Calculate the highest common divisor of 86 and 1376.
86
What is the highest common divisor of 3726 and 27?
27
What is the highest common divisor of 552 and 11132?
92
What is the highest common divisor of 304 and 19?
19
Calculate the highest common divisor of 4224 and 18.
6
Calculate the highest common divisor of 72 and 948.
12
Calculate the greatest common factor of 480 and 840.
120
What is the highest common factor of 80 and 10?
10
Calculate the greatest common divisor of 8 and 424.
8
What is the greatest common factor of 1896 and 72?
24
What is the greatest common factor of 5614 and 42?
14
What is the greatest common factor of 3604 and 68?
68
Calculate the highest common factor of 98 and 14.
14
Calculate the greatest common divisor of 64 and 176.
16
Calculate the highest common factor of 22 and 2904.
22
Calculate the highest common divisor of 192 and 7152.
48
What is the greatest common divisor of 84 and 98?
14
Calculate the greatest common factor of 73702 and 86.
86
Calculate the highest common factor of 126 and 644.
14
What is the highest common factor of 687 and 5267?
229
What is the highest common factor of 432 and 1008?
144
Calculate the greatest common divisor of 72 and 138.
6
What is the highest common divisor of 88 and 144?
8
What is the greatest common divisor of 2 and 370?
2
What is the greatest common divisor of 6565 and 130?
65
What is the greatest common factor of 6475 and 175?
175
What is the highest common factor of 3 and 273?
3
What is the greatest common factor of 2028 and 234?
78
What is the greatest common factor of 324 and 36?
36
Calculate the highest common divisor of 675 and 75.
75
What is the highest common factor of 338 and 17238?
338
What is the highest common divisor of 12 and 237?
3
Calculate the highest common divisor of 720 and 80.
80
What is the greatest common divisor of 64 and 1?
1
Calculate the greatest common factor of 1615 and 475.
95
What is the highest common factor of 5 and 20?
5
What is the highest common divisor of 238 and 70?
14
What is the highest common factor of 3977 and 123?
41
Calculate the greatest common factor of 24 and 42.
6
What is the highest common factor of 8 and 344?
8
What is the greatest common divisor of 103